{"id":1013,"date":"2024-08-07T22:50:56","date_gmt":"2024-08-07T22:50:56","guid":{"rendered":"https:\/\/wiwo.link\/?post_type=product&#038;p=1013"},"modified":"2024-08-07T22:50:57","modified_gmt":"2024-08-07T22:50:57","slug":"beard-no-71-60ml","status":"publish","type":"product","link":"https:\/\/wiwo.link\/index.php\/product\/beard-no-71-60ml\/","title":{"rendered":"Beard No 71 60ml"},"content":{"rendered":"<p>Beard Co es una empresa l\u00edder en la industria del vapeo con sede en California, Estados Unidos. Su enfoque en la calidad, la innovaci\u00f3n y la satisfacci\u00f3n del cliente la ha convertido en una elecci\u00f3n popular entre los amantes del vapeo en busca de sabores excepcionales y experiencias de vapeo gratificantes.<\/p>\n<p>No. 71 Blend de Beard Vape Co. es un e-l\u00edquido basado en dulces de durazno, ofreci\u00e9ndote una experiencia irresistible de sabores dulces y \u00e1cidos. Disfruta de la frescura y jugosidad de los duraznos reci\u00e9n cosechados mientras saboreas una combinaci\u00f3n perfectamente equilibrada de dulzura y acidez. Prep\u00e1rate para una experiencia de vapeo que despierte tus sentidos y te lleve a un para\u00edso de sabor.<\/p>\n<p>\u2014\u2014\u2014\u2014\u2014\u2014\u2014\u2014\u2014\u2014\u2014\u2013<\/p>\n<p>Concentracion PG\/VG : 60\/40<br \/>\nContenido : 60ml<br \/>\nContenido de Menthol: NO TIENE<br \/>\nFuerza : 0mg | 3mg | 6mg<\/p>\n<p>Recuerda siempre escoger cuidadosamente tus l\u00edquidos, ya que muchos en el mercado son de procedencia desconocida. \u00bfSab\u00edas que hay l\u00edquidos con componentes que podr\u00edan da\u00f1ar tu salud?, muchos vendedores de l\u00edquidos a\u00f1aden componentes que son perjudiciales para tu organismo (az\u00facares indebidos, esencias no aptas para l\u00edquido, entre otros), por lo cual siempre procura comprar tus l\u00edquidos en empresas con laboratorio aprobado, de experiencia y renombre a nivel mundial.<\/p>\n<p>Vape Chile, cigarrillos electronicos y vaporizadores . Tienda de accesorios, repuestos y esencias para vaporizador (cigarro electronico).<\/p>\n","protected":false},"excerpt":{"rendered":"<p>Beard Co es una empresa l\u00edder en la industria del vapeo con sede en California, Estados Unidos. Su enfoque en la calidad, la innovaci\u00f3n y la satisfacci\u00f3n del cliente la ha convertido en una elecci\u00f3n popular entre los amantes del vapeo en busca de sabores excepcionales y experiencias de vapeo gratificantes. No. 71 Blend de [&hellip;]<\/p>\n","protected":false},"featured_media":0,"comment_status":"open","ping_status":"closed","template":"","meta":[],"product_cat":[15],"product_tag":[],"class_list":{"0":"post-1013","1":"product","2":"type-product","3":"status-publish","5":"product_cat-uncategorized","7":"first","8":"outofstock","9":"shipping-taxable","10":"product-type-variable"},"_links":{"self":[{"href":"https:\/\/wiwo.link\/index.php\/wp-json\/wp\/v2\/product\/1013","targetHints":{"allow":["GET"]}}],"collection":[{"href":"https:\/\/wiwo.link\/index.php\/wp-json\/wp\/v2\/product"}],"about":[{"href":"https:\/\/wiwo.link\/index.php\/wp-json\/wp\/v2\/types\/product"}],"replies":[{"embeddable":true,"href":"https:\/\/wiwo.link\/index.php\/wp-json\/wp\/v2\/comments?post=1013"}],"wp:attachment":[{"href":"https:\/\/wiwo.link\/index.php\/wp-json\/wp\/v2\/media?parent=1013"}],"wp:term":[{"taxonomy":"product_cat","embeddable":true,"href":"https:\/\/wiwo.link\/index.php\/wp-json\/wp\/v2\/product_cat?post=1013"},{"taxonomy":"product_tag","embeddable":true,"href":"https:\/\/wiwo.link\/index.php\/wp-json\/wp\/v2\/product_tag?post=1013"}],"curies":[{"name":"wp","href":"https:\/\/api.w.org\/{rel}","templated":true}]}}