{"id":1443,"date":"2024-08-07T22:51:50","date_gmt":"2024-08-07T22:51:50","guid":{"rendered":"https:\/\/wiwo.link\/?post_type=product&#038;p=1443"},"modified":"2024-08-07T22:51:52","modified_gmt":"2024-08-07T22:51:52","slug":"ossem-fusion-salt-oracle-30ml","status":"publish","type":"product","link":"https:\/\/wiwo.link\/index.php\/product\/ossem-fusion-salt-oracle-30ml\/","title":{"rendered":"Ossem Fusion Salt &#8211; Oracle 30ml"},"content":{"rendered":"<p>Bienvenidos a la marca m\u00e1s popular del \u00faltimo a\u00f1o. OSSEM con origen en Malasia es la f\u00e1brica productora de eliquid m\u00e1s grande de su naci\u00f3n. Con comienzos el a\u00f1o 2015, han aumentado su presencia en los vaporizadores de todo el mundo gracias a sabores realmente perfecto con el sello \u00fanico de saborizantes orientales de alta calidad. La fabricaci\u00f3n de OSSEM se acoge a todos los est\u00e1ndares internacionales permiti\u00e9ndole llegar a tener presencia en diversas partes del mundo tales como USA, Europa y gran parte de pa\u00edses asiaticos. Disfruta de una marca que realmente sabe lo que hace, bajo distintas l\u00edneas tanto frutales, tabaquiles y postres, las cuales han pasado anteriormente por rigurosos procesos de selecci\u00f3n de sabores. Fruity line te permitir\u00e1 una experiencia frutal muy dulce y fresca, Summer Series te entregar\u00e1 un lindo recuerdo veraniego gracias a sus sabores tropicales, Creamy premium entrega una alta selecci\u00f3n de sabores postres, muy enfocado en el dulzor pastelero. Mixed Series te entregar\u00e1 una versi\u00f3n frutal sumamente fresca gracias a sus boost de mentol ! Y Zetsy son aquellos jugos perfectos para darle un toque m\u00e1s citrico a tus d\u00edas. Finalmente aterriza con la linea tabaquil sin dulces ni agregados, solo tabaco presentado en las t\u00edpicas combinaciones de tabaco con frutas o vainilla. Disfruta de una gran variedad de sabores de alta calidad con OSSEM, que sin duda te dejar\u00e1 queriendo probar todo el resto de sus exquisitas combinaciones.<\/p>\n<p>Derechamente el mejor Pie de Limon que podr\u00e1s probar. Sumamente balanceado y con exquisito toque pastelero que ser\u00e1 parte de tu men\u00fa diario<\/p>\n<p>Liquido Salt, esto significa que es un concentrado recomendado solo para vaporizadores peque\u00f1os dentro de la categoria Pods.<\/p>\n<p>Los Liquidos Salt no son recomendados para drip, atomizadores comerciales ni resistencias reparables.<\/p>\n<p>\u2014\u2014\u2014\u2014\u2014\u2014\u2014\u2014\u2014\u2014\u2014\u2013<br \/>\nConcentracion PG\/VG : 60\/40<br \/>\nContenido : 30ml<br \/>\nFuerza :  20mg | 50mg<\/p>\n<p>Recuerda siempre escoger cuidadosamente tus l\u00edquidos, ya que muchos en el mercado son de procedencia desconocida. \u00bfSab\u00edas que hay l\u00edquidos con componentes que podr\u00edan da\u00f1ar tu salud?, muchos vendedores de l\u00edquidos a\u00f1aden componentes que son perjudiciales para tu organismo (az\u00facares indebidos, esencias no aptas para l\u00edquido, entre otros), por lo cual siempre procura comprar tus l\u00edquidos en empresas con laboratorio aprobado, de experiencia y renombre a nivel mundial.<\/p>\n<p>Vape Chile, cigarrillos electronicos y vaporizadores . Tienda de accesorios, repuestos y esencias para vaporizador (cigarro electronico).<\/p>\n","protected":false},"excerpt":{"rendered":"<p>Bienvenidos a la marca m\u00e1s popular del \u00faltimo a\u00f1o. OSSEM con origen en Malasia es la f\u00e1brica productora de eliquid m\u00e1s grande de su naci\u00f3n. Con comienzos el a\u00f1o 2015, han aumentado su presencia en los vaporizadores de todo el mundo gracias a sabores realmente perfecto con el sello \u00fanico de saborizantes orientales de alta [&hellip;]<\/p>\n","protected":false},"featured_media":0,"comment_status":"open","ping_status":"closed","template":"","meta":[],"product_cat":[15],"product_tag":[],"class_list":{"0":"post-1443","1":"product","2":"type-product","3":"status-publish","5":"product_cat-uncategorized","7":"first","8":"outofstock","9":"shipping-taxable","10":"product-type-variable"},"_links":{"self":[{"href":"https:\/\/wiwo.link\/index.php\/wp-json\/wp\/v2\/product\/1443","targetHints":{"allow":["GET"]}}],"collection":[{"href":"https:\/\/wiwo.link\/index.php\/wp-json\/wp\/v2\/product"}],"about":[{"href":"https:\/\/wiwo.link\/index.php\/wp-json\/wp\/v2\/types\/product"}],"replies":[{"embeddable":true,"href":"https:\/\/wiwo.link\/index.php\/wp-json\/wp\/v2\/comments?post=1443"}],"wp:attachment":[{"href":"https:\/\/wiwo.link\/index.php\/wp-json\/wp\/v2\/media?parent=1443"}],"wp:term":[{"taxonomy":"product_cat","embeddable":true,"href":"https:\/\/wiwo.link\/index.php\/wp-json\/wp\/v2\/product_cat?post=1443"},{"taxonomy":"product_tag","embeddable":true,"href":"https:\/\/wiwo.link\/index.php\/wp-json\/wp\/v2\/product_tag?post=1443"}],"curies":[{"name":"wp","href":"https:\/\/api.w.org\/{rel}","templated":true}]}}