{"id":1554,"date":"2024-08-07T22:52:05","date_gmt":"2024-08-07T22:52:05","guid":{"rendered":"https:\/\/wiwo.link\/?post_type=product&#038;p=1554"},"modified":"2024-08-07T22:52:06","modified_gmt":"2024-08-07T22:52:06","slug":"blvk-salt-grape-ice-30ml","status":"publish","type":"product","link":"https:\/\/wiwo.link\/index.php\/product\/blvk-salt-grape-ice-30ml\/","title":{"rendered":"BLVK Salt &#8211; Grape Ice 30ml"},"content":{"rendered":"<p>De la reconocida marca BLVK llegan los m\u00e1s deliciosos sabores con el distintivo \u00fanico de su alta experiencia al pasar los a\u00f1os. BLVK se dedica hace m\u00e1s de una d\u00e9cada a la producci\u00f3n de l\u00edquidos en USA y tiene un sello \u00fanico simplista y minimalista que entregar\u00e1 sabores simples pero con aromas \u00fanicos que podr\u00edan transformarse en tus favoritos para el d\u00eda a d\u00eda<\/p>\n<p>\u00bfTe atreves a probar la m\u00e1s pura esencia de la uva con el talento de BLVK? \u00a1Pruebalo!<\/p>\n<p>Liquido Salt, esto significa que es un concentrado recomendado solo para vaporizadores peque\u00f1os dentro de la categoria Pods.<\/p>\n<p>Los Liquidos Salt no son recomendados para drip, atomizadores comerciales ni resistencias reparables.<\/p>\n<p>\u2014\u2014\u2014\u2014\u2014\u2014\u2014\u2014\u2014\u2014\u2014\u2013<br \/>\nConcentracion PG\/VG : 50\/50<br \/>\nContenido : 30ml<br \/>\nFuerza :  35mg | 50mg<\/p>\n<p>Recuerda siempre escoger cuidadosamente tus l\u00edquidos, ya que muchos en el mercado son de procedencia desconocida. \u00bfSab\u00edas que hay l\u00edquidos con componentes que podr\u00edan da\u00f1ar tu salud?, muchos vendedores de l\u00edquidos a\u00f1aden componentes que son perjudiciales para tu organismo (az\u00facares indebidos, esencias no aptas para l\u00edquido, entre otros) con el fin de disminuir sus costos. Raz\u00f3n por lo cual procura siempre comprar tus l\u00edquidos en empresas con laboratorio aprobado, de experiencia y renombre a nivel mundial.<\/p>\n<p>Vape Chile, cigarrillos electronicos y vaporizadores . Tienda de accesorios, repuestos y esencias para vaporizador (cigarro electronico).<\/p>\n","protected":false},"excerpt":{"rendered":"<p>De la reconocida marca BLVK llegan los m\u00e1s deliciosos sabores con el distintivo \u00fanico de su alta experiencia al pasar los a\u00f1os. BLVK se dedica hace m\u00e1s de una d\u00e9cada a la producci\u00f3n de l\u00edquidos en USA y tiene un sello \u00fanico simplista y minimalista que entregar\u00e1 sabores simples pero con aromas \u00fanicos que podr\u00edan [&hellip;]<\/p>\n","protected":false},"featured_media":0,"comment_status":"open","ping_status":"closed","template":"","meta":[],"product_cat":[15],"product_tag":[],"class_list":{"0":"post-1554","1":"product","2":"type-product","3":"status-publish","5":"product_cat-uncategorized","7":"first","8":"outofstock","9":"shipping-taxable","10":"product-type-variable"},"_links":{"self":[{"href":"https:\/\/wiwo.link\/index.php\/wp-json\/wp\/v2\/product\/1554","targetHints":{"allow":["GET"]}}],"collection":[{"href":"https:\/\/wiwo.link\/index.php\/wp-json\/wp\/v2\/product"}],"about":[{"href":"https:\/\/wiwo.link\/index.php\/wp-json\/wp\/v2\/types\/product"}],"replies":[{"embeddable":true,"href":"https:\/\/wiwo.link\/index.php\/wp-json\/wp\/v2\/comments?post=1554"}],"wp:attachment":[{"href":"https:\/\/wiwo.link\/index.php\/wp-json\/wp\/v2\/media?parent=1554"}],"wp:term":[{"taxonomy":"product_cat","embeddable":true,"href":"https:\/\/wiwo.link\/index.php\/wp-json\/wp\/v2\/product_cat?post=1554"},{"taxonomy":"product_tag","embeddable":true,"href":"https:\/\/wiwo.link\/index.php\/wp-json\/wp\/v2\/product_tag?post=1554"}],"curies":[{"name":"wp","href":"https:\/\/api.w.org\/{rel}","templated":true}]}}