{"id":1572,"date":"2024-08-07T22:52:06","date_gmt":"2024-08-07T22:52:06","guid":{"rendered":"https:\/\/wiwo.link\/?post_type=product&#038;p=1572"},"modified":"2024-08-07T22:52:07","modified_gmt":"2024-08-07T22:52:07","slug":"gremlin-spooky-6000puff-unicorn-candy","status":"publish","type":"product","link":"https:\/\/wiwo.link\/index.php\/product\/gremlin-spooky-6000puff-unicorn-candy\/","title":{"rendered":"Gremlin Spooky 6000puff &#8211; Unicorn Candy"},"content":{"rendered":"<p>Gremlin ha tomado su lugar a nivel internacional, gracias a una especial variedad de sabores muy distintivos creados con endulzantes de muy buena calidad, entregando aromas fieles y \u00fanicos. El Gremlin Spooky es el top gama de la marca, ofreciendo 6000puffs de autonom\u00eda gracias a su bater\u00eda recargable con puerto USB tipo C de \u00faltima generaci\u00f3n para que aproveches la totalidad de los 15ml que trae en su interior, adem\u00e1s de una excelente autonom\u00eda gracias a su bater\u00eda de 600mAh de capacidad.<br \/>\nPerfecta selecci\u00f3n de Dulces Candy al m\u00e1s puro estilo Gremlin<\/p>\n<p>Estos dispositivos contienen liquido SALT al 5% o 50mg<\/p>\n<p>Estos dispositivos contienen nicotina y pueden ser adictivos, NO RECOMENDADO para personas NO fumadoras<\/p>\n<p>\u2014\u2014\u2014\u2014\u2014\u2014\u2014\u2014\u2014\u2014\u2014\u2013<br \/>\nConcentracion PG\/VG : 50\/50<br \/>\nPuffs: 6000 aproximadamente<br \/>\nAutonomia Bateria: 600mAh<br \/>\nNicotina: SI<br \/>\nFuerza: 5% o 50mg<br \/>\nContenido: 15ml<\/p>\n<p>Recuerda siempre escoger cuidadosamente tus l\u00edquidos, ya que muchos en el mercado son de procedencia desconocida. \u00bfSab\u00edas que hay l\u00edquidos con componentes que podr\u00edan da\u00f1ar tu salud?, muchos vendedores de l\u00edquidos a\u00f1aden componentes que son perjudiciales para tu organismo (az\u00facares indebidos, esencias no aptas para l\u00edquido, entre otros), por lo cual siempre procura comprar tus l\u00edquidos en empresas con laboratorio aprobado, de experiencia y renombre a nivel mundial.<\/p>\n<p>Vape Chile, cigarrillos electronicos y vaporizadores . Tienda de accesorios, repuestos y esencias para vaporizador (cigarro electronico).<\/p>\n","protected":false},"excerpt":{"rendered":"<p>Gremlin ha tomado su lugar a nivel internacional, gracias a una especial variedad de sabores muy distintivos creados con endulzantes de muy buena calidad, entregando aromas fieles y \u00fanicos. El Gremlin Spooky es el top gama de la marca, ofreciendo 6000puffs de autonom\u00eda gracias a su bater\u00eda recargable con puerto USB tipo C de \u00faltima [&hellip;]<\/p>\n","protected":false},"featured_media":0,"comment_status":"open","ping_status":"closed","template":"","meta":[],"product_cat":[15],"product_tag":[],"class_list":{"0":"post-1572","1":"product","2":"type-product","3":"status-publish","5":"product_cat-uncategorized","7":"first","8":"instock","9":"shipping-taxable","10":"product-type-simple"},"_links":{"self":[{"href":"https:\/\/wiwo.link\/index.php\/wp-json\/wp\/v2\/product\/1572","targetHints":{"allow":["GET"]}}],"collection":[{"href":"https:\/\/wiwo.link\/index.php\/wp-json\/wp\/v2\/product"}],"about":[{"href":"https:\/\/wiwo.link\/index.php\/wp-json\/wp\/v2\/types\/product"}],"replies":[{"embeddable":true,"href":"https:\/\/wiwo.link\/index.php\/wp-json\/wp\/v2\/comments?post=1572"}],"wp:attachment":[{"href":"https:\/\/wiwo.link\/index.php\/wp-json\/wp\/v2\/media?parent=1572"}],"wp:term":[{"taxonomy":"product_cat","embeddable":true,"href":"https:\/\/wiwo.link\/index.php\/wp-json\/wp\/v2\/product_cat?post=1572"},{"taxonomy":"product_tag","embeddable":true,"href":"https:\/\/wiwo.link\/index.php\/wp-json\/wp\/v2\/product_tag?post=1572"}],"curies":[{"name":"wp","href":"https:\/\/api.w.org\/{rel}","templated":true}]}}