{"id":367,"date":"2024-08-07T22:49:52","date_gmt":"2024-08-07T22:49:52","guid":{"rendered":"https:\/\/wiwo.link\/?post_type=product&#038;p=367"},"modified":"2024-08-07T22:49:52","modified_gmt":"2024-08-07T22:49:52","slug":"don-juan-tabaco-dulce-kings-crest-salt-30ml","status":"publish","type":"product","link":"https:\/\/wiwo.link\/index.php\/product\/don-juan-tabaco-dulce-kings-crest-salt-30ml\/","title":{"rendered":"Don Juan Tabaco Dulce &#8211; Kings Crest Salt 30ml"},"content":{"rendered":"<p>Ac\u00e1 solo los que saben de esencias ! Kings Crest regresa a Vape m\u00e1s mejorado e innovador que nunca. Disfruta de una gran variedad de esencias caracterizadas por ganar premios al mejor liquido en variadas oportunidades a nivel mundial. Kings Crest tiene un toque \u00fanico, exclusiva elegancia para tu paladar con los m\u00e1s refinados toques de ingredientes, sin duda despu\u00e9s de probarlos sentir\u00e1s que esto vale la pena !<\/p>\n<p>Ganador de premios a nivel mundial, Don Juan Tabaco Dulce es el Tabaco Rubio perfecto que estabas esperando<\/p>\n<p>Liquido Salt, esto significa que es un concentrado recomendado solo para vaporizadores peque\u00f1os dentro de la categoria Pods.<\/p>\n<p>Los Liquidos Salt no son recomendados para drip, atomizadores comerciales ni resistencias reparables.<\/p>\n<p>\u2014\u2014\u2014\u2014\u2014\u2014\u2014\u2014\u2014\u2014\u2014\u2013<br \/>\nConcentracion PG\/VG : Especial POD<br \/>\nContenido : 30ml<br \/>\nFuerza : 35mg | 50mg.<\/p>\n<p>Recuerda siempre escoger cuidadosamente tus l\u00edquidos, ya que muchos en el mercado son de procedencia desconocida. \u00bfSab\u00edas que hay l\u00edquidos con componentes que podr\u00edan da\u00f1ar tu salud?, muchos vendedores de l\u00edquidos a\u00f1aden componentes que son perjudiciales para tu organismo (az\u00facares indebidos, esencias no aptas para l\u00edquido, entre otros), por lo cual siempre procura comprar tus l\u00edquidos en empresas con laboratorio aprobado, de experiencia y renombre a nivel mundial.<\/p>\n<p>Vape Chile, cigarrillos electronicos y vaporizadores . Tienda de accesorios, repuestos y esencias para vaporizador (cigarro electronico).<\/p>\n","protected":false},"excerpt":{"rendered":"<p>Ac\u00e1 solo los que saben de esencias ! Kings Crest regresa a Vape m\u00e1s mejorado e innovador que nunca. Disfruta de una gran variedad de esencias caracterizadas por ganar premios al mejor liquido en variadas oportunidades a nivel mundial. Kings Crest tiene un toque \u00fanico, exclusiva elegancia para tu paladar con los m\u00e1s refinados toques [&hellip;]<\/p>\n","protected":false},"featured_media":0,"comment_status":"open","ping_status":"closed","template":"","meta":[],"product_cat":[15],"product_tag":[],"class_list":{"0":"post-367","1":"product","2":"type-product","3":"status-publish","5":"product_cat-uncategorized","7":"first","8":"outofstock","9":"shipping-taxable","10":"product-type-variable"},"_links":{"self":[{"href":"https:\/\/wiwo.link\/index.php\/wp-json\/wp\/v2\/product\/367","targetHints":{"allow":["GET"]}}],"collection":[{"href":"https:\/\/wiwo.link\/index.php\/wp-json\/wp\/v2\/product"}],"about":[{"href":"https:\/\/wiwo.link\/index.php\/wp-json\/wp\/v2\/types\/product"}],"replies":[{"embeddable":true,"href":"https:\/\/wiwo.link\/index.php\/wp-json\/wp\/v2\/comments?post=367"}],"wp:attachment":[{"href":"https:\/\/wiwo.link\/index.php\/wp-json\/wp\/v2\/media?parent=367"}],"wp:term":[{"taxonomy":"product_cat","embeddable":true,"href":"https:\/\/wiwo.link\/index.php\/wp-json\/wp\/v2\/product_cat?post=367"},{"taxonomy":"product_tag","embeddable":true,"href":"https:\/\/wiwo.link\/index.php\/wp-json\/wp\/v2\/product_tag?post=367"}],"curies":[{"name":"wp","href":"https:\/\/api.w.org\/{rel}","templated":true}]}}