{"id":493,"date":"2024-08-07T22:50:04","date_gmt":"2024-08-07T22:50:04","guid":{"rendered":"https:\/\/wiwo.link\/?post_type=product&#038;p=493"},"modified":"2024-08-07T22:50:05","modified_gmt":"2024-08-07T22:50:05","slug":"atomizador-pnp-pod-tank-4-5ml-black","status":"publish","type":"product","link":"https:\/\/wiwo.link\/index.php\/product\/atomizador-pnp-pod-tank-4-5ml-black\/","title":{"rendered":"Atomizador PnP Pod Tank 4.5ml Black"},"content":{"rendered":"<p>Tanque o POD? el atomizador para lo que tu desees ya esta ac\u00e1. Voopoo presenta su nuevo atomizador PnP tank, el mismo que viene incluido en el Kit original de Drag X y DRAG S. El PnP Tank tiene conexi\u00f3n 510, universal para conexi\u00f3n a cualquier tipo de dispositivo, adem\u00e1s de un tanque sumamente innovador basado en magnetismo de alta potencia, logrando el cambio de resistencia y relleno del tanque m\u00e1s f\u00e1cil, c\u00f3modo y r\u00e1pido que nunca. <\/p>\n<p>Producto Contiene<\/p>\n<p>1 Atomizador Voopoo PnP Pod Tank<br \/>\n1 Resistencia PnP-VM1 0.3\u03a9<br \/>\n1 Resistencia PnP-VM6 0.15\u03a9<br \/>\n1 Manual de Usuario<br \/>\nEspecificaciones T\u00e9cnicas<\/p>\n<p>26mm Diametro<br \/>\n50.00mm Altura total<br \/>\nSitio WEB Oficial<\/p>\n<p>Todos nuestros productos incluyen garant\u00eda 3\u00d73 (de tres meses) en caso de falla. Si tu aparato falla dentro de los tres primeros meses te entregaremos una pieza nueva en reemplazo.<\/p>\n<p>Prefiere productos con c\u00f3digo, s\u00f3lo los productos con c\u00f3digo de genuinidad son aut\u00e9nticos. Evita copias por tu seguridad (clones no estan regulados). Tu garant\u00eda al comprar en Vape cubrir\u00e1 incluso que tu c\u00f3digo funcione correctamente.<\/p>\n","protected":false},"excerpt":{"rendered":"<p>Tanque o POD? el atomizador para lo que tu desees ya esta ac\u00e1. Voopoo presenta su nuevo atomizador PnP tank, el mismo que viene incluido en el Kit original de Drag X y DRAG S. El PnP Tank tiene conexi\u00f3n 510, universal para conexi\u00f3n a cualquier tipo de dispositivo, adem\u00e1s de un tanque sumamente innovador [&hellip;]<\/p>\n","protected":false},"featured_media":0,"comment_status":"open","ping_status":"closed","template":"","meta":[],"product_cat":[15],"product_tag":[],"class_list":{"0":"post-493","1":"product","2":"type-product","3":"status-publish","5":"product_cat-uncategorized","7":"first","8":"outofstock","9":"shipping-taxable","10":"product-type-variable"},"_links":{"self":[{"href":"https:\/\/wiwo.link\/index.php\/wp-json\/wp\/v2\/product\/493","targetHints":{"allow":["GET"]}}],"collection":[{"href":"https:\/\/wiwo.link\/index.php\/wp-json\/wp\/v2\/product"}],"about":[{"href":"https:\/\/wiwo.link\/index.php\/wp-json\/wp\/v2\/types\/product"}],"replies":[{"embeddable":true,"href":"https:\/\/wiwo.link\/index.php\/wp-json\/wp\/v2\/comments?post=493"}],"wp:attachment":[{"href":"https:\/\/wiwo.link\/index.php\/wp-json\/wp\/v2\/media?parent=493"}],"wp:term":[{"taxonomy":"product_cat","embeddable":true,"href":"https:\/\/wiwo.link\/index.php\/wp-json\/wp\/v2\/product_cat?post=493"},{"taxonomy":"product_tag","embeddable":true,"href":"https:\/\/wiwo.link\/index.php\/wp-json\/wp\/v2\/product_tag?post=493"}],"curies":[{"name":"wp","href":"https:\/\/api.w.org\/{rel}","templated":true}]}}