{"id":56,"date":"2024-08-07T22:49:27","date_gmt":"2024-08-07T22:49:27","guid":{"rendered":"https:\/\/wiwo.link\/?post_type=product&#038;p=56"},"modified":"2024-08-07T22:49:28","modified_gmt":"2024-08-07T22:49:28","slug":"pyrex-veco-tank-2","status":"publish","type":"product","link":"https:\/\/wiwo.link\/index.php\/product\/pyrex-veco-tank-2\/","title":{"rendered":"Pyrex Veco Tank"},"content":{"rendered":"<p>Repuesto de Vaporesso hecho de vidrio pyrex para mayor resistencia. <\/p>\n<p>Compatible con:<\/p>\n<p>Tanque Vaporesso Veco tank<\/p>\n<p>Vaporesso Tarot Baby<\/p>\n<p>Vaporesso Veco One<\/p>\n<p>Prefiere productos con c\u00f3digo de autenticidad. S\u00f3lo los productos con c\u00f3digo funcional son genuinos. Ten precauci\u00f3n con los productos falsificados que se encuentran en el mercado. Tu garant\u00eda al comprar en Vape cubrir\u00e1 incluso que tu c\u00f3digo funcione correctamente.<\/p>\n<p>Vape Chile, cigarrillos electronicos y vaporizadores . Tienda de accesorios, repuestos y esencias para vaporizador (cigarro electronico)<\/p>\n<p>Compartir:<br \/>\nTambi\u00e9n te puede interesar<br \/>\nPyrex Veco Tank<br \/>\nVaporesso<br \/>\nPyrex Veco Tank<br \/>\n$4.990<br \/>\n1<br \/>\nPyrex Voopoo Uforce 5ml\/8ml<br \/>\nVoopoo<br \/>\nPyrex Voopoo Uforce 5ml\/8ml<br \/>\n$4.990<br \/>\nPyrex SKRR 8ml<br \/>\nVaporesso<br \/>\nPyrex SKRR 8ml<br \/>\n$4.990<br \/>\n1<br \/>\nVidrio Pyrex de Repuesto Vaporesso Sky Solo 3,5ml \/ Plus 8ml<br \/>\nVidrio Pyrex de Repuesto Vaporesso Sky Solo 3,5ml \/ Plus 8ml<br \/>\n$4.990<br \/>\nVidrio Pyrex Vaporesso Cascade Mini 3.5ml<br \/>\nVaporesso<br \/>\nVidrio Pyrex Vaporesso Cascade Mini 3.5ml<br \/>\n$4.990<br \/>\nVidrio Pyrex Vandy Vape Kylin M PRO 8ml<br \/>\nVandy vape<br \/>\nVidrio Pyrex Vandy Vape Kylin M PRO 8ml<br \/>\n$4.990<br \/>\n1<br \/>\nVidrio Pyrex Vaporesso iTank<br \/>\nVaporesso<br \/>\nVidrio Pyrex Vaporesso iTank<br \/>\n$4.990<br \/>\nBoquilla YoCan &#8211; Hit<br \/>\nYocan<br \/>\nBoquilla YoCan &#8211; Hit<br \/>\n$8.990<br \/>\n1<br \/>\nSobre Nosotros<br \/>\nEmpresa de vaporizacion, expertos en cigarro (cigarrillo) electronico, vaporizadores, esencias (liquidos), accesorios y repuestos en Chile. Visita nuestras sucursales ubicadas en Santiago, donde podr\u00e1s ser asesorado por nuestros expertos en cigarros electronicos.<br \/>\nCategor\u00edas<br \/>\nContacto<br \/>\nInformaci\u00f3n<br \/>\nSucursal \u00d1u\u00f1oa<br \/>\nStripcenter Simon Bolivar 4800, 2do Piso<br \/>\nSucursal Las Condes<br \/>\nCantagallo Las Condes 12255, 2do Piso<br \/>\nSucursal Vitacura<br \/>\nLos Cobres Vitacura 6710, Local B10<br \/>\nSucursal Maipu<br \/>\nAv pajaritos 4630, Local 19, Maipu<br \/>\nSuscr\u00edbete a Nuestro Newsletter<br \/>\nIngresa tu E-mail<br \/>\nQuieres saber de descuentos? Promociones en Vape? Suscribete a nuestro Newsletter ahora mismo para estar en el Club Vape<br \/>\nS\u00edguenos:<br \/>\n\u00a9 2024 Vape Chile.<br \/>\nTodos los derechos reservados. Powered by Jumpseller.<br \/>\nVape Chile<br \/>\nWebpay<\/p>\n<p>Mercadopago<\/p>\n<p>Visa<\/p>\n<p>Mastercard<\/p>\n<p>American Express<\/p>\n<p>Transferencia Bancaria<\/p>\n","protected":false},"excerpt":{"rendered":"<p>Repuesto de Vaporesso hecho de vidrio pyrex para mayor resistencia. Compatible con: Tanque Vaporesso Veco tank Vaporesso Tarot Baby Vaporesso Veco One Prefiere productos con c\u00f3digo de autenticidad. S\u00f3lo los productos con c\u00f3digo funcional son genuinos. Ten precauci\u00f3n con los productos falsificados que se encuentran en el mercado. Tu garant\u00eda al comprar en Vape cubrir\u00e1 [&hellip;]<\/p>\n","protected":false},"featured_media":0,"comment_status":"open","ping_status":"closed","template":"","meta":[],"product_cat":[15],"product_tag":[],"class_list":{"0":"post-56","1":"product","2":"type-product","3":"status-publish","5":"product_cat-uncategorized","7":"first","8":"outofstock","9":"shipping-taxable","10":"product-type-variable"},"_links":{"self":[{"href":"https:\/\/wiwo.link\/index.php\/wp-json\/wp\/v2\/product\/56","targetHints":{"allow":["GET"]}}],"collection":[{"href":"https:\/\/wiwo.link\/index.php\/wp-json\/wp\/v2\/product"}],"about":[{"href":"https:\/\/wiwo.link\/index.php\/wp-json\/wp\/v2\/types\/product"}],"replies":[{"embeddable":true,"href":"https:\/\/wiwo.link\/index.php\/wp-json\/wp\/v2\/comments?post=56"}],"wp:attachment":[{"href":"https:\/\/wiwo.link\/index.php\/wp-json\/wp\/v2\/media?parent=56"}],"wp:term":[{"taxonomy":"product_cat","embeddable":true,"href":"https:\/\/wiwo.link\/index.php\/wp-json\/wp\/v2\/product_cat?post=56"},{"taxonomy":"product_tag","embeddable":true,"href":"https:\/\/wiwo.link\/index.php\/wp-json\/wp\/v2\/product_tag?post=56"}],"curies":[{"name":"wp","href":"https:\/\/api.w.org\/{rel}","templated":true}]}}