{"id":780,"date":"2024-08-07T22:50:31","date_gmt":"2024-08-07T22:50:31","guid":{"rendered":"https:\/\/wiwo.link\/?post_type=product&#038;p=780"},"modified":"2024-08-07T22:50:32","modified_gmt":"2024-08-07T22:50:32","slug":"vaporesso-gen-200-mod","status":"publish","type":"product","link":"https:\/\/wiwo.link\/index.php\/product\/vaporesso-gen-200-mod\/","title":{"rendered":"Vaporesso Gen 200 MOD"},"content":{"rendered":"<p>Bienvenidos a la nueva familia GEN 200 de la serie GEN. El nuevo GEN 200 es compatible con 2 bater\u00edas 18650, potenciadas con el espectacular AXON CHIP de \u00faltima generaci\u00f3n, creando el balance perfecto entre producci\u00f3n de vapor y cuidados de la bater\u00eda. Presentado en incre\u00edbles y hermosos colores, el GEN 200 es 40% mas liviano que su antecesor, un Ultra Light de 76 gramos ! con una salida de potencia de hasta 220W, acompa\u00f1ado de una conexi\u00f3n 510 tipo rosca para instalarle el atomizador de la marca y modelo que tu quieras.<\/p>\n<p>Sus materiales de fabricaci\u00f3n son de excelencia, 4 capas de diferentes materiales para lograr excelente ergonom\u00eda al tacto y una resistencia que no podr\u00e1s creer. El GEN 200 ser\u00e1 tu compa\u00f1ero en todo momento con una incre\u00edble autonom\u00eda, potencia, y compatibilidad. Adem\u00e1s incluye carga r\u00e1pida de 2.0A de velocidad.<\/p>\n<p>LINK OFICIAL<\/p>\n<p>Producto Contiene<\/p>\n<p>1x Vaporesso GEN 200 MOD (No incluye bater\u00eda, UTILIZA 2, para obtener la tuya haz click aqu\u00ed)<br \/>\n1x Cable carga USB Type C<br \/>\n1x Manual de Usuario<br \/>\n1x Tarjeta de Garantia<br \/>\nAccesorios varios<\/p>\n<p>Especificaciones T\u00e9cnicas<\/p>\n<p>NO INCLUYE BATER\u00cdA &#8211; UTILIZA 2 unidades de 18650<br \/>\nMedidas: 85mm x 44mm x 29mm<br \/>\nPeso ?gr<br \/>\nPoder de Salida: 5-220W<br \/>\nVersion Carga Rapida: 2A<br \/>\nPantalla: TFT 0.96&#8243; a Color<\/p>\n<p>NO incluye bater\u00eda, para obtener la tuya haz click aqu\u00ed<\/p>\n<p>Prefiere productos con c\u00f3digo de autenticidad. S\u00f3lo los productos con c\u00f3digo funcional son genuinos. Ten precauci\u00f3n con los productos falsificados que se encuentran en el mercado. Tu garant\u00eda al comprar en Vape cubrir\u00e1 incluso que tu c\u00f3digo funcione correctamente.<\/p>\n<p>Vape Chile, cigarrillos electronicos y vaporizadores . Tienda de accesorios, repuestos y esencias para vaporizador (cigarro electronico)<\/p>\n","protected":false},"excerpt":{"rendered":"<p>Bienvenidos a la nueva familia GEN 200 de la serie GEN. El nuevo GEN 200 es compatible con 2 bater\u00edas 18650, potenciadas con el espectacular AXON CHIP de \u00faltima generaci\u00f3n, creando el balance perfecto entre producci\u00f3n de vapor y cuidados de la bater\u00eda. Presentado en incre\u00edbles y hermosos colores, el GEN 200 es 40% mas [&hellip;]<\/p>\n","protected":false},"featured_media":0,"comment_status":"open","ping_status":"closed","template":"","meta":[],"product_cat":[15],"product_tag":[],"class_list":{"0":"post-780","1":"product","2":"type-product","3":"status-publish","5":"product_cat-uncategorized","7":"first","8":"outofstock","9":"shipping-taxable","10":"product-type-variable"},"_links":{"self":[{"href":"https:\/\/wiwo.link\/index.php\/wp-json\/wp\/v2\/product\/780","targetHints":{"allow":["GET"]}}],"collection":[{"href":"https:\/\/wiwo.link\/index.php\/wp-json\/wp\/v2\/product"}],"about":[{"href":"https:\/\/wiwo.link\/index.php\/wp-json\/wp\/v2\/types\/product"}],"replies":[{"embeddable":true,"href":"https:\/\/wiwo.link\/index.php\/wp-json\/wp\/v2\/comments?post=780"}],"wp:attachment":[{"href":"https:\/\/wiwo.link\/index.php\/wp-json\/wp\/v2\/media?parent=780"}],"wp:term":[{"taxonomy":"product_cat","embeddable":true,"href":"https:\/\/wiwo.link\/index.php\/wp-json\/wp\/v2\/product_cat?post=780"},{"taxonomy":"product_tag","embeddable":true,"href":"https:\/\/wiwo.link\/index.php\/wp-json\/wp\/v2\/product_tag?post=780"}],"curies":[{"name":"wp","href":"https:\/\/api.w.org\/{rel}","templated":true}]}}